{"id":15422,"date":"2023-12-11T12:13:06","date_gmt":"2023-12-11T12:13:06","guid":{"rendered":"https:\/\/fymcotillon.com.ar\/cotillon\/?post_type=product&#038;p=15422"},"modified":"2025-10-30T00:27:10","modified_gmt":"2025-10-30T03:27:10","slug":"animatronic-cabeza-portagolosinas","status":"publish","type":"product","link":"https:\/\/fymcotillon.com.ar\/cotillon\/producto\/animatronic-cabeza-portagolosinas\/","title":{"rendered":"ANIMATRONIC CABEZA PORTAGOLOSINAS"},"content":{"rendered":"<p>FUNCIONA CON 3 PILAS AA (NO INCLUIDAS)<\/p>\n<p>Cabeza de vampiro cortada a la que se le ha extra\u00eddo el cerebro totalmente repugnante!!<\/p>\n<p>La cabeza cuelga de 3 anillos que se fijan debajo de la piel. Puedes poner golosinas donde<\/p>\n<p>solia haber un cerebro\u2026 Posee un sensor de movimiento que activa luces en los ojos y frases<\/p>\n<p>tenebrosas en ingl\u00e9s. Para mejor rendimiento utilizar en interiores o en un \u00e1rea al aire libre protegida de las condiciones clim\u00e1ticas.<\/p>\n","protected":false},"excerpt":{"rendered":"<p>FUNCIONA CON 3 PILAS AA (NO INCLUIDAS) Cabeza de vampiro cortada a la que se le ha extra\u00eddo el cerebro totalmente repugnante!! La cabeza cuelga de 3 anillos que se fijan debajo de la piel. Puedes poner golosinas donde solia haber un cerebro\u2026 Posee un sensor de movimiento que activa luces en los ojos y frases tenebrosas en ingl\u00e9s. Para [&hellip;]<\/p>\n","protected":false},"featured_media":15423,"template":"","meta":{"om_disable_all_campaigns":false,"_monsterinsights_skip_tracking":false,"_monsterinsights_sitenote_active":false,"_monsterinsights_sitenote_note":"","_monsterinsights_sitenote_category":0,"pgc_sgb_lightbox_settings":""},"product_brand":[],"product_cat":[212,15,180],"product_tag":[],"class_list":{"0":"post-15422","1":"product","2":"type-product","3":"status-publish","4":"has-post-thumbnail","6":"product_cat-animatronics","7":"product_cat-productos","8":"product_cat-halloween","10":"first","11":"instock","12":"shipping-taxable","13":"purchasable","14":"product-type-simple"},"aioseo_notices":[],"_links":{"self":[{"href":"https:\/\/fymcotillon.com.ar\/cotillon\/wp-json\/wp\/v2\/product\/15422","targetHints":{"allow":["GET"]}}],"collection":[{"href":"https:\/\/fymcotillon.com.ar\/cotillon\/wp-json\/wp\/v2\/product"}],"about":[{"href":"https:\/\/fymcotillon.com.ar\/cotillon\/wp-json\/wp\/v2\/types\/product"}],"wp:featuredmedia":[{"embeddable":true,"href":"https:\/\/fymcotillon.com.ar\/cotillon\/wp-json\/wp\/v2\/media\/15423"}],"wp:attachment":[{"href":"https:\/\/fymcotillon.com.ar\/cotillon\/wp-json\/wp\/v2\/media?parent=15422"}],"wp:term":[{"taxonomy":"product_brand","embeddable":true,"href":"https:\/\/fymcotillon.com.ar\/cotillon\/wp-json\/wp\/v2\/product_brand?post=15422"},{"taxonomy":"product_cat","embeddable":true,"href":"https:\/\/fymcotillon.com.ar\/cotillon\/wp-json\/wp\/v2\/product_cat?post=15422"},{"taxonomy":"product_tag","embeddable":true,"href":"https:\/\/fymcotillon.com.ar\/cotillon\/wp-json\/wp\/v2\/product_tag?post=15422"}],"curies":[{"name":"wp","href":"https:\/\/api.w.org\/{rel}","templated":true}]}}