{"id":15427,"date":"2023-12-11T09:37:14","date_gmt":"2023-12-11T12:37:14","guid":{"rendered":"https:\/\/fymcotillon.com.ar\/cotillon\/?post_type=product&#038;p=15427"},"modified":"2025-09-26T13:26:01","modified_gmt":"2025-09-26T16:26:01","slug":"animatronic-caballo-hamaca-mecedora-98cm","status":"publish","type":"product","link":"https:\/\/fymcotillon.com.ar\/cotillon\/producto\/animatronic-caballo-hamaca-mecedora-98cm\/","title":{"rendered":"ANIMATRONIC CABALLO HAMACA MECEDORA 98cm &#8211;  Con Enchufe p\/220 volts.EFECTO: Luz led, sonido y movimiento"},"content":{"rendered":"<p>Viene con enchufe a 220 volts. Este espeluznante mu\u00f1eca en mecedora cuenta con 3 funciones:<\/p>\n<p><i><strong>Encendido 1<\/strong><\/i>: se activa el producto, de\u00a0<i><strong>Try me<\/strong><\/i>\u00a0(se activa s\u00f3lo al presionar bot\u00f3n de prueba) y funci\u00f3n<\/p>\n<p><i><strong>Encendido 2<\/strong><\/i>\u00a0: incluye sensor de sonido y movimiento. La caja de control tambi\u00e9n cuenta con volumen para subir o bajar a critero. Si te gusta causar miedo esta mue\u00f1eca cantando cu\u00e1l pel\u00edcula de terror, har\u00e1 temblar a quien la vea!. Canta, hace luces y se mece en su caballo maldito. \u00a0 Para mejor rendimiento utilizar en interiores o en un \u00e1rea al aire libre protegida de las condiciones clim\u00e1ticas.<\/p>\n","protected":false},"excerpt":{"rendered":"<p>Viene con enchufe a 220 volts. Este espeluznante mu\u00f1eca en mecedora cuenta con 3 funciones: Encendido 1: se activa el producto, de\u00a0Try me\u00a0(se activa s\u00f3lo al presionar bot\u00f3n de prueba) y funci\u00f3n Encendido 2\u00a0: incluye sensor de sonido y movimiento. La caja de control tambi\u00e9n cuenta con volumen para subir o bajar a critero. Si te gusta causar miedo esta [&hellip;]<\/p>\n","protected":false},"featured_media":15428,"template":"","meta":{"om_disable_all_campaigns":false,"_monsterinsights_skip_tracking":false,"_monsterinsights_sitenote_active":false,"_monsterinsights_sitenote_note":"","_monsterinsights_sitenote_category":0,"pgc_sgb_lightbox_settings":""},"product_brand":[],"product_cat":[212,15,180],"product_tag":[],"class_list":{"0":"post-15427","1":"product","2":"type-product","3":"status-publish","4":"has-post-thumbnail","6":"product_cat-animatronics","7":"product_cat-productos","8":"product_cat-halloween","10":"first","11":"outofstock","12":"shipping-taxable","13":"purchasable","14":"product-type-simple"},"aioseo_notices":[],"_links":{"self":[{"href":"https:\/\/fymcotillon.com.ar\/cotillon\/wp-json\/wp\/v2\/product\/15427","targetHints":{"allow":["GET"]}}],"collection":[{"href":"https:\/\/fymcotillon.com.ar\/cotillon\/wp-json\/wp\/v2\/product"}],"about":[{"href":"https:\/\/fymcotillon.com.ar\/cotillon\/wp-json\/wp\/v2\/types\/product"}],"wp:featuredmedia":[{"embeddable":true,"href":"https:\/\/fymcotillon.com.ar\/cotillon\/wp-json\/wp\/v2\/media\/15428"}],"wp:attachment":[{"href":"https:\/\/fymcotillon.com.ar\/cotillon\/wp-json\/wp\/v2\/media?parent=15427"}],"wp:term":[{"taxonomy":"product_brand","embeddable":true,"href":"https:\/\/fymcotillon.com.ar\/cotillon\/wp-json\/wp\/v2\/product_brand?post=15427"},{"taxonomy":"product_cat","embeddable":true,"href":"https:\/\/fymcotillon.com.ar\/cotillon\/wp-json\/wp\/v2\/product_cat?post=15427"},{"taxonomy":"product_tag","embeddable":true,"href":"https:\/\/fymcotillon.com.ar\/cotillon\/wp-json\/wp\/v2\/product_tag?post=15427"}],"curies":[{"name":"wp","href":"https:\/\/api.w.org\/{rel}","templated":true}]}}